{"id":149,"date":"2020-06-30T22:49:17","date_gmt":"2020-06-30T20:49:17","guid":{"rendered":"https:\/\/flaengfys.dk\/?page_id=149"},"modified":"2020-06-30T22:49:17","modified_gmt":"2020-06-30T20:49:17","slug":"hestefysioterapi","status":"publish","type":"page","link":"https:\/\/flaengfys.dk\/index.php\/hestefysioterapi\/","title":{"rendered":"Hestefysioterapi"},"content":{"rendered":"\n<p>Jeg arbejder ud fra de problematikker du som ejer og\/eller rytter oplever i tr\u00e6ning og h\u00e5ndtering af din hest. Det kan v\u00e6re at du f\u00f8ler at i ikke rigtig rykker jer l\u00e6ngere i jeres uddannelse, eller at tr\u00e6ningen er blevet sv\u00e6re end det plejer.<br>Det kan v\u00e6re at du som ejer og\/eller rytter, kan opleve at din hest:<br>\u2013 Ser sk\u00e6v ud n\u00e5r den g\u00e5r eller st\u00e5r<br>\u2013 F\u00f8les stiv og st\u00e6dig i tr\u00e6ningen<br>\u2013 Ikke vil udf\u00f8re de \u00f8velser som den plejer at kunne<br>\u2013 Har tydelig forskel p\u00e5 h\u00f8jre og venstre volte<br>\u2013 Har en muskelfattig krop, selvom i tr\u00e6ner<br>\u2013 Virker sl\u00f8v og energiforladt i tr\u00e6ningen<br>\u2013 Stresser voldsomt op eller l\u00f8ber ved h\u00e5ndtering<br>Derudover kan hestefysioterapi bruges forebyggende efter en tr\u00e6ningspause, i forbindelse med skader (efter konsultation med dyrl\u00e6ge), uforklarlige haltheder eller efter foling.<br><strong>OBS! Ved tegn p\u00e5 halthed eller skade, kontakt f\u00f8rst dyrl\u00e6gen!<\/strong><br>Ved en behandling gennemg\u00e5r jeg hele hesten fra mule til hale.<br>Jeg starter med at se hesten i bev\u00e6gelse for at danne mig et overblik over hvor de st\u00f8rste problematikker sidder. Derefter m\u00e6rker jeg hesten igennem, og behandler de ting jeg finder undervejs med fysioterapeutiske\/osteopatiske teknikker (ledmobilisering, funktionel-indirekte-teknikker, kranio-sakral terapi, massage, meridianbaner, organflow og laser terapi). Jeg f\u00f8rer altid journal p\u00e5 de heste jeg behandler, s\u00e5 jeg ved om det er den samme problematik der gentager sig, og vi derfor skal kigge p\u00e5 hvilken faktor der g\u00f8r at samme problematik opst\u00e5r.<br><em>Behandling varer ca. 1 time<\/em><\/p>\n","protected":false},"excerpt":{"rendered":"<p>Jeg arbejder ud fra de problematikker du som ejer og\/eller rytter oplever i tr\u00e6ning og h\u00e5ndtering af din hest. Det kan v\u00e6re at du f\u00f8ler at i ikke rigtig rykker jer l\u00e6ngere i jeres uddannelse, eller at tr\u00e6ningen er blevet sv\u00e6re end det plejer.Det kan v\u00e6re at du som ejer og\/eller rytter, kan opleve at &hellip; <\/p>\n<p class=\"link-more\"><a href=\"https:\/\/flaengfys.dk\/index.php\/hestefysioterapi\/\" class=\"more-link\">L\u00e6s videre<span class=\"screen-reader-text\"> &#8220;Hestefysioterapi&#8221;<\/span><\/a><\/p>\n","protected":false},"author":1,"featured_media":0,"parent":0,"menu_order":0,"comment_status":"closed","ping_status":"closed","template":"","meta":{"footnotes":""},"class_list":["post-149","page","type-page","status-publish","hentry"],"yoast_head":"<!-- This site is optimized with the Yoast SEO plugin v24.3 - https:\/\/yoast.com\/wordpress\/plugins\/seo\/ -->\n<title>Hestefysioterapi - Fl\u00e6ng Fysioterapi<\/title>\n<meta name=\"robots\" content=\"index, follow, max-snippet:-1, max-image-preview:large, max-video-preview:-1\" \/>\n<link rel=\"canonical\" href=\"https:\/\/flaengfys.dk\/index.php\/hestefysioterapi\/\" \/>\n<meta property=\"og:locale\" content=\"da_DK\" \/>\n<meta property=\"og:type\" content=\"article\" \/>\n<meta property=\"og:title\" content=\"Hestefysioterapi - Fl\u00e6ng Fysioterapi\" \/>\n<meta property=\"og:description\" content=\"Jeg arbejder ud fra de problematikker du som ejer og\/eller rytter oplever i tr\u00e6ning og h\u00e5ndtering af din hest. Det kan v\u00e6re at du f\u00f8ler at i ikke rigtig rykker jer l\u00e6ngere i jeres uddannelse, eller at tr\u00e6ningen er blevet sv\u00e6re end det plejer.Det kan v\u00e6re at du som ejer og\/eller rytter, kan opleve at &hellip; L\u00e6s videre &quot;Hestefysioterapi&quot;\" \/>\n<meta property=\"og:url\" content=\"https:\/\/flaengfys.dk\/index.php\/hestefysioterapi\/\" \/>\n<meta property=\"og:site_name\" content=\"Fl\u00e6ng Fysioterapi\" \/>\n<meta name=\"twitter:card\" content=\"summary_large_image\" \/>\n<meta name=\"twitter:label1\" content=\"Estimeret l\u00e6setid\" \/>\n\t<meta name=\"twitter:data1\" content=\"1 minut\" \/>\n<script type=\"application\/ld+json\" class=\"yoast-schema-graph\">{\"@context\":\"https:\/\/schema.org\",\"@graph\":[{\"@type\":\"WebPage\",\"@id\":\"https:\/\/flaengfys.dk\/index.php\/hestefysioterapi\/\",\"url\":\"https:\/\/flaengfys.dk\/index.php\/hestefysioterapi\/\",\"name\":\"Hestefysioterapi - Fl\u00e6ng Fysioterapi\",\"isPartOf\":{\"@id\":\"https:\/\/flaengfys.dk\/#website\"},\"datePublished\":\"2020-06-30T20:49:17+00:00\",\"dateModified\":\"2020-06-30T20:49:17+00:00\",\"breadcrumb\":{\"@id\":\"https:\/\/flaengfys.dk\/index.php\/hestefysioterapi\/#breadcrumb\"},\"inLanguage\":\"da-DK\",\"potentialAction\":[{\"@type\":\"ReadAction\",\"target\":[\"https:\/\/flaengfys.dk\/index.php\/hestefysioterapi\/\"]}]},{\"@type\":\"BreadcrumbList\",\"@id\":\"https:\/\/flaengfys.dk\/index.php\/hestefysioterapi\/#breadcrumb\",\"itemListElement\":[{\"@type\":\"ListItem\",\"position\":1,\"name\":\"Hjem\",\"item\":\"https:\/\/flaengfys.dk\/\"},{\"@type\":\"ListItem\",\"position\":2,\"name\":\"Hestefysioterapi\"}]},{\"@type\":\"WebSite\",\"@id\":\"https:\/\/flaengfys.dk\/#website\",\"url\":\"https:\/\/flaengfys.dk\/\",\"name\":\"Fl\u00e6ng Fysioterapi\",\"description\":\"For hest &amp; rytter\",\"potentialAction\":[{\"@type\":\"SearchAction\",\"target\":{\"@type\":\"EntryPoint\",\"urlTemplate\":\"https:\/\/flaengfys.dk\/?s={search_term_string}\"},\"query-input\":{\"@type\":\"PropertyValueSpecification\",\"valueRequired\":true,\"valueName\":\"search_term_string\"}}],\"inLanguage\":\"da-DK\"}]}<\/script>\n<!-- \/ Yoast SEO plugin. -->","yoast_head_json":{"title":"Hestefysioterapi - Fl\u00e6ng Fysioterapi","robots":{"index":"index","follow":"follow","max-snippet":"max-snippet:-1","max-image-preview":"max-image-preview:large","max-video-preview":"max-video-preview:-1"},"canonical":"https:\/\/flaengfys.dk\/index.php\/hestefysioterapi\/","og_locale":"da_DK","og_type":"article","og_title":"Hestefysioterapi - Fl\u00e6ng Fysioterapi","og_description":"Jeg arbejder ud fra de problematikker du som ejer og\/eller rytter oplever i tr\u00e6ning og h\u00e5ndtering af din hest. Det kan v\u00e6re at du f\u00f8ler at i ikke rigtig rykker jer l\u00e6ngere i jeres uddannelse, eller at tr\u00e6ningen er blevet sv\u00e6re end det plejer.Det kan v\u00e6re at du som ejer og\/eller rytter, kan opleve at &hellip; L\u00e6s videre \"Hestefysioterapi\"","og_url":"https:\/\/flaengfys.dk\/index.php\/hestefysioterapi\/","og_site_name":"Fl\u00e6ng Fysioterapi","twitter_card":"summary_large_image","twitter_misc":{"Estimeret l\u00e6setid":"1 minut"},"schema":{"@context":"https:\/\/schema.org","@graph":[{"@type":"WebPage","@id":"https:\/\/flaengfys.dk\/index.php\/hestefysioterapi\/","url":"https:\/\/flaengfys.dk\/index.php\/hestefysioterapi\/","name":"Hestefysioterapi - Fl\u00e6ng Fysioterapi","isPartOf":{"@id":"https:\/\/flaengfys.dk\/#website"},"datePublished":"2020-06-30T20:49:17+00:00","dateModified":"2020-06-30T20:49:17+00:00","breadcrumb":{"@id":"https:\/\/flaengfys.dk\/index.php\/hestefysioterapi\/#breadcrumb"},"inLanguage":"da-DK","potentialAction":[{"@type":"ReadAction","target":["https:\/\/flaengfys.dk\/index.php\/hestefysioterapi\/"]}]},{"@type":"BreadcrumbList","@id":"https:\/\/flaengfys.dk\/index.php\/hestefysioterapi\/#breadcrumb","itemListElement":[{"@type":"ListItem","position":1,"name":"Hjem","item":"https:\/\/flaengfys.dk\/"},{"@type":"ListItem","position":2,"name":"Hestefysioterapi"}]},{"@type":"WebSite","@id":"https:\/\/flaengfys.dk\/#website","url":"https:\/\/flaengfys.dk\/","name":"Fl\u00e6ng Fysioterapi","description":"For hest &amp; rytter","potentialAction":[{"@type":"SearchAction","target":{"@type":"EntryPoint","urlTemplate":"https:\/\/flaengfys.dk\/?s={search_term_string}"},"query-input":{"@type":"PropertyValueSpecification","valueRequired":true,"valueName":"search_term_string"}}],"inLanguage":"da-DK"}]}},"_links":{"self":[{"href":"https:\/\/flaengfys.dk\/index.php\/wp-json\/wp\/v2\/pages\/149","targetHints":{"allow":["GET"]}}],"collection":[{"href":"https:\/\/flaengfys.dk\/index.php\/wp-json\/wp\/v2\/pages"}],"about":[{"href":"https:\/\/flaengfys.dk\/index.php\/wp-json\/wp\/v2\/types\/page"}],"author":[{"embeddable":true,"href":"https:\/\/flaengfys.dk\/index.php\/wp-json\/wp\/v2\/users\/1"}],"replies":[{"embeddable":true,"href":"https:\/\/flaengfys.dk\/index.php\/wp-json\/wp\/v2\/comments?post=149"}],"version-history":[{"count":1,"href":"https:\/\/flaengfys.dk\/index.php\/wp-json\/wp\/v2\/pages\/149\/revisions"}],"predecessor-version":[{"id":150,"href":"https:\/\/flaengfys.dk\/index.php\/wp-json\/wp\/v2\/pages\/149\/revisions\/150"}],"wp:attachment":[{"href":"https:\/\/flaengfys.dk\/index.php\/wp-json\/wp\/v2\/media?parent=149"}],"curies":[{"name":"wp","href":"https:\/\/api.w.org\/{rel}","templated":true}]}}