{"id":154,"date":"2020-06-30T22:56:25","date_gmt":"2020-06-30T20:56:25","guid":{"rendered":"https:\/\/flaengfys.dk\/?page_id=154"},"modified":"2020-06-30T23:12:48","modified_gmt":"2020-06-30T21:12:48","slug":"humanfysioterapi","status":"publish","type":"page","link":"https:\/\/flaengfys.dk\/index.php\/humanfysioterapi\/","title":{"rendered":"Humanfysioterapi"},"content":{"rendered":"\n<p>Jeg arbejder ud fra de problemer du beskriver, men ogs\u00e5 ud fra en bev\u00e6gelses- og kropsanalyse. <br>Til behandling kan jeg benytte mig af:<br>&#8211; Massage<br>&#8211; Ledmobilisering <br>&#8211; Funktionelle-indirekte teknikker <br>&#8211; Kranio-sakral terapi <br>&#8211; Meridianbaner<br>&#8211; Organflow<br>&#8211; Laser terapi. <br>Desuden er det muligt at f\u00e5 sm\u00e5 enkelte tr\u00e6nings-\u00f8velser efter endt behandling<br><em>Behandlingen varer ca. 45 min.<\/em><br><br><\/p>\n","protected":false},"excerpt":{"rendered":"<p>Jeg arbejder ud fra de problemer du beskriver, men ogs\u00e5 ud fra en bev\u00e6gelses- og kropsanalyse. Til behandling kan jeg benytte mig af:&#8211; Massage&#8211; Ledmobilisering &#8211; Funktionelle-indirekte teknikker &#8211; Kranio-sakral terapi &#8211; Meridianbaner&#8211; Organflow&#8211; Laser terapi. Desuden er det muligt at f\u00e5 sm\u00e5 enkelte tr\u00e6nings-\u00f8velser efter endt behandlingBehandlingen varer ca. 45 min.<\/p>\n","protected":false},"author":1,"featured_media":0,"parent":0,"menu_order":0,"comment_status":"closed","ping_status":"closed","template":"","meta":{"footnotes":""},"class_list":["post-154","page","type-page","status-publish","hentry"],"yoast_head":"<!-- This site is optimized with the Yoast SEO plugin v24.3 - https:\/\/yoast.com\/wordpress\/plugins\/seo\/ -->\n<title>Humanfysioterapi - Fl\u00e6ng Fysioterapi<\/title>\n<meta name=\"robots\" content=\"index, follow, max-snippet:-1, max-image-preview:large, max-video-preview:-1\" \/>\n<link rel=\"canonical\" href=\"https:\/\/flaengfys.dk\/index.php\/humanfysioterapi\/\" \/>\n<meta property=\"og:locale\" content=\"da_DK\" \/>\n<meta property=\"og:type\" content=\"article\" \/>\n<meta property=\"og:title\" content=\"Humanfysioterapi - Fl\u00e6ng Fysioterapi\" \/>\n<meta property=\"og:description\" content=\"Jeg arbejder ud fra de problemer du beskriver, men ogs\u00e5 ud fra en bev\u00e6gelses- og kropsanalyse. Til behandling kan jeg benytte mig af:&#8211; Massage&#8211; Ledmobilisering &#8211; Funktionelle-indirekte teknikker &#8211; Kranio-sakral terapi &#8211; Meridianbaner&#8211; Organflow&#8211; Laser terapi. Desuden er det muligt at f\u00e5 sm\u00e5 enkelte tr\u00e6nings-\u00f8velser efter endt behandlingBehandlingen varer ca. 45 min.\" \/>\n<meta property=\"og:url\" content=\"https:\/\/flaengfys.dk\/index.php\/humanfysioterapi\/\" \/>\n<meta property=\"og:site_name\" content=\"Fl\u00e6ng Fysioterapi\" \/>\n<meta property=\"article:modified_time\" content=\"2020-06-30T21:12:48+00:00\" \/>\n<meta name=\"twitter:card\" content=\"summary_large_image\" \/>\n<script type=\"application\/ld+json\" class=\"yoast-schema-graph\">{\"@context\":\"https:\/\/schema.org\",\"@graph\":[{\"@type\":\"WebPage\",\"@id\":\"https:\/\/flaengfys.dk\/index.php\/humanfysioterapi\/\",\"url\":\"https:\/\/flaengfys.dk\/index.php\/humanfysioterapi\/\",\"name\":\"Humanfysioterapi - Fl\u00e6ng Fysioterapi\",\"isPartOf\":{\"@id\":\"https:\/\/flaengfys.dk\/#website\"},\"datePublished\":\"2020-06-30T20:56:25+00:00\",\"dateModified\":\"2020-06-30T21:12:48+00:00\",\"breadcrumb\":{\"@id\":\"https:\/\/flaengfys.dk\/index.php\/humanfysioterapi\/#breadcrumb\"},\"inLanguage\":\"da-DK\",\"potentialAction\":[{\"@type\":\"ReadAction\",\"target\":[\"https:\/\/flaengfys.dk\/index.php\/humanfysioterapi\/\"]}]},{\"@type\":\"BreadcrumbList\",\"@id\":\"https:\/\/flaengfys.dk\/index.php\/humanfysioterapi\/#breadcrumb\",\"itemListElement\":[{\"@type\":\"ListItem\",\"position\":1,\"name\":\"Hjem\",\"item\":\"https:\/\/flaengfys.dk\/\"},{\"@type\":\"ListItem\",\"position\":2,\"name\":\"Humanfysioterapi\"}]},{\"@type\":\"WebSite\",\"@id\":\"https:\/\/flaengfys.dk\/#website\",\"url\":\"https:\/\/flaengfys.dk\/\",\"name\":\"Fl\u00e6ng Fysioterapi\",\"description\":\"For hest &amp; rytter\",\"potentialAction\":[{\"@type\":\"SearchAction\",\"target\":{\"@type\":\"EntryPoint\",\"urlTemplate\":\"https:\/\/flaengfys.dk\/?s={search_term_string}\"},\"query-input\":{\"@type\":\"PropertyValueSpecification\",\"valueRequired\":true,\"valueName\":\"search_term_string\"}}],\"inLanguage\":\"da-DK\"}]}<\/script>\n<!-- \/ Yoast SEO plugin. -->","yoast_head_json":{"title":"Humanfysioterapi - Fl\u00e6ng Fysioterapi","robots":{"index":"index","follow":"follow","max-snippet":"max-snippet:-1","max-image-preview":"max-image-preview:large","max-video-preview":"max-video-preview:-1"},"canonical":"https:\/\/flaengfys.dk\/index.php\/humanfysioterapi\/","og_locale":"da_DK","og_type":"article","og_title":"Humanfysioterapi - Fl\u00e6ng Fysioterapi","og_description":"Jeg arbejder ud fra de problemer du beskriver, men ogs\u00e5 ud fra en bev\u00e6gelses- og kropsanalyse. Til behandling kan jeg benytte mig af:&#8211; Massage&#8211; Ledmobilisering &#8211; Funktionelle-indirekte teknikker &#8211; Kranio-sakral terapi &#8211; Meridianbaner&#8211; Organflow&#8211; Laser terapi. Desuden er det muligt at f\u00e5 sm\u00e5 enkelte tr\u00e6nings-\u00f8velser efter endt behandlingBehandlingen varer ca. 45 min.","og_url":"https:\/\/flaengfys.dk\/index.php\/humanfysioterapi\/","og_site_name":"Fl\u00e6ng Fysioterapi","article_modified_time":"2020-06-30T21:12:48+00:00","twitter_card":"summary_large_image","schema":{"@context":"https:\/\/schema.org","@graph":[{"@type":"WebPage","@id":"https:\/\/flaengfys.dk\/index.php\/humanfysioterapi\/","url":"https:\/\/flaengfys.dk\/index.php\/humanfysioterapi\/","name":"Humanfysioterapi - Fl\u00e6ng Fysioterapi","isPartOf":{"@id":"https:\/\/flaengfys.dk\/#website"},"datePublished":"2020-06-30T20:56:25+00:00","dateModified":"2020-06-30T21:12:48+00:00","breadcrumb":{"@id":"https:\/\/flaengfys.dk\/index.php\/humanfysioterapi\/#breadcrumb"},"inLanguage":"da-DK","potentialAction":[{"@type":"ReadAction","target":["https:\/\/flaengfys.dk\/index.php\/humanfysioterapi\/"]}]},{"@type":"BreadcrumbList","@id":"https:\/\/flaengfys.dk\/index.php\/humanfysioterapi\/#breadcrumb","itemListElement":[{"@type":"ListItem","position":1,"name":"Hjem","item":"https:\/\/flaengfys.dk\/"},{"@type":"ListItem","position":2,"name":"Humanfysioterapi"}]},{"@type":"WebSite","@id":"https:\/\/flaengfys.dk\/#website","url":"https:\/\/flaengfys.dk\/","name":"Fl\u00e6ng Fysioterapi","description":"For hest &amp; rytter","potentialAction":[{"@type":"SearchAction","target":{"@type":"EntryPoint","urlTemplate":"https:\/\/flaengfys.dk\/?s={search_term_string}"},"query-input":{"@type":"PropertyValueSpecification","valueRequired":true,"valueName":"search_term_string"}}],"inLanguage":"da-DK"}]}},"_links":{"self":[{"href":"https:\/\/flaengfys.dk\/index.php\/wp-json\/wp\/v2\/pages\/154","targetHints":{"allow":["GET"]}}],"collection":[{"href":"https:\/\/flaengfys.dk\/index.php\/wp-json\/wp\/v2\/pages"}],"about":[{"href":"https:\/\/flaengfys.dk\/index.php\/wp-json\/wp\/v2\/types\/page"}],"author":[{"embeddable":true,"href":"https:\/\/flaengfys.dk\/index.php\/wp-json\/wp\/v2\/users\/1"}],"replies":[{"embeddable":true,"href":"https:\/\/flaengfys.dk\/index.php\/wp-json\/wp\/v2\/comments?post=154"}],"version-history":[{"count":2,"href":"https:\/\/flaengfys.dk\/index.php\/wp-json\/wp\/v2\/pages\/154\/revisions"}],"predecessor-version":[{"id":171,"href":"https:\/\/flaengfys.dk\/index.php\/wp-json\/wp\/v2\/pages\/154\/revisions\/171"}],"wp:attachment":[{"href":"https:\/\/flaengfys.dk\/index.php\/wp-json\/wp\/v2\/media?parent=154"}],"curies":[{"name":"wp","href":"https:\/\/api.w.org\/{rel}","templated":true}]}}